. Calculate the greatest common divisor of 45 and k.
15
Let a(y) = 6*y - 71. Let c be a(13). Suppose -5*d = x - 1706, 0 = -x + 3 - c. What is the highest common divisor of d and 38?
38
Suppose k + 8 = 4*i, 3*k - k = 5*i - 10. Suppose 3*t + t - 12 = k. Suppose 7 = 4*m - t*p, -m + 3*p = -3 - 1. What is the greatest common divisor of 8 and m?
1
Let v(p) = 89*p**2 + 189*p - 9. Let j be v(-8). Calculate the highest common divisor of j and 167.
167
Suppose 1288 = 4*s - 4*l, 2*s - 668 = -7*l + 3*l. Let f = 601 - s. What is the greatest common divisor of f and 55?
55
Let t be (-1)/4*-62189 + 28/(-189 + 77). What is the greatest common factor of 7 and t?
7
Let o be 4 - (-2 + 3)/(-1). Suppose 9123*k = 9116*k + 245. What is the greatest common factor of k and o?
5
Let c(a) = -3*a + 21. Suppose 32 = 8*z - 4*z. Let y be c(z). Let t be 29 - (6 + 0 + y). What is the highest common divisor of t and 26?
26
Let g be 66/15 - 0 - 8/20. Suppose 24 - 16 = g*l. Suppose 4*u - r + 2*r - 32 = 0, -l*r + 37 = 5*u. Calculate the greatest common factor of u and 90.
9
Suppose 4*t = -2*u - 10, 4*t = -3*u + 8*t + 35. Let m be 20/(-15)*-27 - -4. Calculate the greatest common divisor of m and u.
5
Suppose -v = -9*v + 64. Suppose -23*t + 1140 = -v*t. Calculate the highest common divisor of t and 133.
19
Let s be 1*(3 + (-1160)/4*-1). Suppose 33 = -5*q + s. Suppose -3*t + 520 = t. Calculate the highest common divisor of t and q.
26
Let l(s) = 14*s + 78. Let m be l(11). Calculate the highest common divisor of 1247 and m.
29
Suppose 4*g - j = -2*j + 63, -g + 3*j = -6. Suppose -g*v + 7*v = -232. What is the highest common factor of 58 and v?
29
Suppose -59211 = -10*d - 3*h, 37*d = 32*d - 4*h + 29598. What is the highest common divisor of 378 and d?
126
Let g = 5043 - 3328. Calculate the highest common factor of 70 and g.
35
Let x(m) = 19*m - 1191. Let k be x(64). Let d = 2 + -5. Let t be (-27)/d - (-1 + 0). Calculate the greatest common divisor of k and t.
5
Let w be (6/6)/(4/6 - 1). Let g be 384/18*-1*w. Calculate the highest common divisor of 8 and g.
8
Let m = 35 - 17. Let f(d) = -20*d + 22. Let s be f(2). Let l(q) = 14*q + 264. Let z be l(s). Calculate the greatest common factor of z and m.
6
Suppose -37 = -d - 34. Suppose 0 = d*f - 3*j + j - 739, -2*f + 5*j + 511 = 0. Calculate the highest common divisor of f and 9.
9
Suppose -4 = -121*m + 123*m. Let d be (-1 + -6)*(m + 6 + -27). Calculate the greatest common factor of d and 23.
23
Let m be (-40198)/(-10) - (2438/(-115) + 21). Calculate the greatest common divisor of 30 and m.
30
Let h(u) = u**2 + 55*u - 826. Let m be h(-68). What is the highest common factor of 4321 and m?
29
Let q be 30/(-630) - 1696/(-336). Calculate the greatest common factor of 520 and q.
5
Let c(a) = a**3 + 10*a**2 + 39*a + 186. Let q be c(-8). Calculate the greatest common divisor of q and 343.
1
Let r = 175 - 57. Let q = r + 134. Let t be -10*6/(-15) + 24. Calculate the highest common divisor of q and t.
28
Let v = 4564 + -4540. What is the greatest common factor of v and 978?
6
Suppose -2*i + 110 = 2*l, -2*i - 250 = -4*l - 0*i. Suppose -55*j + l*j + 535 = 0. Let p = 125 + j. What is the greatest common factor of p and 6?
6
Suppose 4*t = -2*m + 256, 0 = -2*t - 0*t - 5*m + 120. Let p = -55 + t. Suppose 0 = 18*o - 20*o + p. Calculate the greatest common factor of 30 and o.
5
Let i(z) = -z**2 + 8*z - 2. Let u be i(6). Let m = 334131 - 334115. Calculate the greatest common divisor of m and u.
2
Suppose -1364*u + 1332*u = -320. Calculate the greatest common divisor of u and 208.
2
Suppose 525 = 4*c + 2*v + 103, 0 = 3*c - v - 309. What is the greatest common divisor of 221 and c?
13
Let g = 2493 + -1765. Calculate the greatest common factor of 8 and g.
8
Let b be 1/2*(1 - -1). Let m(u) = 2*u**3 - 172*u**2 - 349*u - 247. Let t be m(88). Calculate the greatest common factor of t and b.
1
Suppose 4*l = 4*z + 200, -2*l + 6*l = -5*z + 200. Calculate the highest common divisor of 10 and l.
10
Suppose 310*d - 301*d = 18450. Calculate the highest common factor of d and 50.
50
Suppose 0 = -4*w, -6*w = 4*l - 4*w. Suppose -37*s = -l*s - 74. What is the highest common factor of s and 7?
1
Suppose -3*m - 95 - 34 = 0. Let j = m + 48. Suppose -v + j*x = -120, -5*v + 494 = -x - 34. What is the highest common divisor of v and 21?
21
Let q(x) = 2*x**3 + 34*x**2 - 2*x + 14. Let z be q(-17). Suppose -54 - 663 = -3*p. Let b = 359 - p. Calculate the greatest common factor of z and b.
24
Suppose -2536 - 96 = -14*t. Let b = t + -140. Calculate the highest common factor of b and 24.
24
Suppose -266*b = -31*b - 69090. What is the greatest common factor of 2009 and b?
49
Let v = -115 - -128. Let y = 1737 - 1360. Calculate the highest common factor of y and v.
13
Let q = 1033 + -868. Calculate the highest common factor of 60 and q.
15
Let y = 1195 - 1191. Calculate the greatest common factor of y and 3932.
4
Let f = 125 - 123. Suppose 0 = q - f, -31 = -11*n + 6*n + 2*q. Let d(k) = 24*k - 42. Let b be d(n). Calculate the greatest common divisor of b and 36.
18
Suppose 100*o = 1391 + 10789 + 7820. Calculate the greatest common divisor of 8600 and o.
200
Suppose -18*w = -20*w + 3*k + 2611, -w + 3*k = -1313. Calculate the greatest common factor of w and 66.
22
Suppose -5*f - 2 = 8. Let n be 12/(-9)*(210/(-24) - f). Calculate the highest common factor of 9 and n.
9
Suppose -3*q + 5 = -5*r - 4, -4*r = 2*q + 16. Let p be 5 + (-5)/(-15)*r. What is the highest common divisor of 28 and p?
4
Suppose -360*l + 3439523 = 714323. Calculate the highest common divisor of l and 20.
10
Suppose 47*g + 587 = 1264 - 536. Calculate the greatest common factor of g and 491.
1
Let l(q) = -8*q + 93. Let o be l(-7). Suppose 0 = -3*p - n + 181, 36 = 3*p + 5*n - o. Calculate the greatest common factor of 20 and p.
20
Suppose 5*k - w = 13, -18 = -3*k + 5*w - w. Let m be (-3*k/(-2))/(6/22). Calculate the highest common divisor of 143 and m.
11
Let q(n) = 5*n + 37*n**2 + 14 + 3*n - 36*n**2. Let x be q(-6). What is the greatest common factor of 46 and x?
2
Let u be -12 + -8 + 16 - -11. Let w(r) = -r**3 + 14*r**2 + 10*r - 117. Let q be w(u). Calculate the greatest common divisor of q and 74.
74
Suppose -5*o = -t + 320 + 1726, 0 = o - 4*t + 394. Let u = -397 - o. Calculate the highest common divisor of u and 221.
13
Suppose 42*u + 91*u - 708 = 223. Calculate the highest common divisor of 89 and u.
1
Let k = -3289 + 9350. Calculate the highest common factor of k and 57.
19
Let m(u) be the first derivative of -u**2 + 243*u - 114. Let n be m(-18). Let q = 40 + -9. Calculate the greatest common divisor of q and n.
31
Suppose -4*l + 2*l + 62 = 0. Let p = 217324 + -216425. Calculate the highest common factor of p and l.
31
Suppose 4*j = 2*h + 88, -5*j - 4*h + 4771 = 4609. Calculate the greatest common divisor of 53950 and j.
26
Let x be (-15)/21 - (-23800)/392. What is the greatest common factor of x and 39180?
60
Let n(m) = -m**3 - 4*m**2 + 12*m + 17. Let o be n(-7). Let l be -30*(2/(-3))/2. Calculate the greatest common divisor of o and l.
10
Let p be (10 - 1064/98) + 172236/42. What is the greatest common divisor of p and 400?
100
Suppose -49 = 9*f - 2*f. Let m be f/2*504/(-98)*1. What is the greatest common factor of 18 and m?
18
Suppose -18*i + 12523 = 102*i - 8477. Calculate the greatest common factor of i and 9275.
175
Let y(v) = -v**3 + 10*v**2 - 36*v + 188. Let g be y(8). Calculate the greatest common factor of 21 and g.
7
Let s = 205 - 184. Let v be 44/77*s/6. Let n be 0 - 1 - (-4 + -1). What is the highest common factor of v and n?
2
Let l be ((-4)/(-6))/((-1)/6). Let h be 1 - (4/l - 1). Let z = -4051 + 4084. Calculate the greatest common divisor of z and h.
3
Let c = 142 + -27. Let g = -112 + c. Suppose 24 + 9 = g*x. Calculate the greatest common factor of 110 and x.
11
Suppose -321*q - 18*q + 285566 = 115*q. Suppose 5*o + 1 = -2*j + 20, -76 = -5*j - 3*o. Calculate the highest common factor of j and q.
17
Let b = -45 - -225. Let u = -60884 + 60938. Calculate the highest common divisor of u and b.
18
Let m = -129 + 235. Let f = m - 101. Let c be ((-1248)/10)/(-6)*f. What is the highest common divisor of 52 and c?
52
Suppose 9*z = -0*z + 36. Suppose -3*q - h + 254 = 0, -z*h + 133 - 461 = -4*q. Calculate the great